82
What is (-70 - (22 + (-4 - (-9 - -16)))) + (-26 - -38)?
-69
Calculate 846 - 894 - (0 + -3 - -13).
-58
What is 29 - 25 - (-5 - -71 - (-23 + 17))?
-68
What is the value of 56 + (-5 - -1) + -408 + 408?
52
Calculate (-3 - -14) + (27 - (-15 - (13 + (-9 - 5)))).
52
Evaluate (-1 - (68 - -2)) + 38 + -50 + (30 - 19).
-72
What is the value of 77 - (-26 - -71) - (1 - -1)?
30
Calculate (7 - 3) + 3 + 52 + -208 + 179.
30
What is -8 + -1 + (4 - (24 + -18) - (-1 - -8))?
-18
-32 - -6 - (462 - 492)
4
What is -71 - (-7 + (-5 + 9 - -11) + -20 - 1)?
-58
What is 10 - (15 + (-1 + 2 + -2 - (-5 + 12)))?
3
What is the value of 78 - (15 + (1 - -1) - -16)?
45
(-32 - -81 - -43) + -24
68
3 - -16 - 11 - 33 - -10
-15
What is the value of 148 + -36 + 9 + -122?
-1
Calculate -19 - (2 - (-14 - -5) - 12 - 3).
-15
-21 + (53 - (12 + 7))
13
Evaluate 1 + -7 + -14 + 8 + 16 + 5.
9
What is (-17 - ((-3 - (-9 - -12)) + -15)) + (41 - 1)?
44
0 - 9 - (-22 - (8 - 60))
-39
What is 71 + 26 + -171 + 53?
-21
Evaluate 69 + -93 + 210 + -228.
-42
Calculate 268 - 269 - (-9 + -1) - 47.
-38
Evaluate 8 + (6 - 10 - -2) + (0 - -4 - 10).
0
What is the value of (14385 - 14365) + -2 + 0 + (-52 - 4)?
-38
What is the value of 85 - (33 + -44 + 68)?
28
Calculate 63 - 34 - 5 - 99 - (0 - (-2 - 4)).
-81
-14 + 25 + 12 - (-1 - 2)
26
(8 - (-8 - (20 + -19))) + (-68 - -7)
-44
What is 6 - (-45 + (-195 - -199 - (0 - 1)) + -8)?
54
What is the value of (-24 - -49 - 0) + -27?
-2
Calculate -5 + 123 + 5 - (9 - 8) - (101 + -95).
116
What is the value of (-22 - (-25 + -10)) + -46 - -115?
82
What is the value of -52 - 56 - -171 - -34?
97
4 + (2 + -8 - (3 + -33)) - (-111 - -102)
37
What is the value of -2 + 2 + (-10 - -30 - 58)?
-38
Evaluate -1 - 26 - (-475 - (92 - 462)).
78
-26 + 13 - (8 + (-4 - 16) + 9)
-10
What is (224 - (209 - 61)) + -68?
8
(182 - 112) + -48 + 1
23
What is 5 + (22 - -17) + -44?
0
What is the value of -4 - 0 - ((-2 - (6 + 51)) + (-44 - -61))?
38
38 - (-12 - (-8 - 51))
-9
Calculate -35 + (-48 - -5 - -57).
-21
What is the value of (15 - 12) + -57 - ((-2 - (3 - 4)) + 0)?
-53
Calculate 17 + -3 - (43 - (7 - 23)).
-45
-6 + (4 + 23 - ((76 - 89) + (2 - -16)))
16
418 + -423 + (2 - 5)
-8
What is (5 + 23 - 1) + (-343 - -334)?
18
What is 29 - (101 + -139 + 94)?
-27
Calculate -73 - ((2 - (2 + -3)) + -91 + 37 + 42).
-64
What is the value of -12 - (27 - 33 - -31) - -61?
24
Evaluate -38 + (2 - (-5 - 14)).
-17
What is the value of -10 + 70 - (183 - 144)?
21
Evaluate (-81 - (-143 - -79)) + (0 - 0 - -18).
1
-4 + 9 - (3 + -1 - (0 - -8) - -5)
6
What is the value of 10 + -36 + 43 - (7 + -3 - 17)?
30
What is 1 - (21 + (20 + -21 - 6))?
-13
Evaluate 2 - (69 + 50) - -48.
-69
29 - (2 + -4 + (-21 - (22 + -45)))
29
Evaluate 53 - (-57 - -40 - -66).
4
Calculate -59 + -1 + 44 + (-18 - 37) + 29.
-42
23 - ((-5 - 4) + -8 + 12 + 15)
13
Calculate 3 + 35 + (-14 - ((2 - 6) + -22)).
50
What is -16 + -9 - (-129 + 17 - 1)?
88
Evaluate -5 - (-8 + -16 + 9 - (21 - 7 - 26)).
-2
Calculate 12 + (2 - 8) + 6 + (192 - 200).
4
What is -45 - (5 + (37 - -4))?
-91
Calculate (-22 - -20) + 25 + 17.
40
2 - (9 - (17 + 29))
39
-2 + 0 + -104 + (-15208 - -15236)
-78
What is the value of -19 + -1 + -2 + 15 + 10?
3
Evaluate 9 + (-56 - (19 - 97)).
31
Evaluate (-7 - -22) + (15 + -1 - (-225 + 232)).
22
What is the value of (-3 - -1 - -1) + -228 + (40 - 34) + 74?
-149
Calculate 16 - ((23 - 13) + -39 + 16).
29
(120 - (-7 - (24 - 53))) + -18
80
39 - -2 - (-6 + (10 - -3))
34
Calculate -65 - ((0 - (0 + -7)) + (-15 - (5 - 8))).
-60
Calculate -99 + -21 + 2 + (2 - (33 + -36)).
-113
What is -8 + -6 + (-60 - -5) - (-8 + 12 - 2)?
-71
What is the value of (-4 - -16) + -55 - (7 - 23)?
-27
14 + -38 + (-13 + 4 - (0 + -2 - 2))
-29
(85 - 105) + (-121 - -194)
53
What is the value of 9 + 2 - (-6 + 16 - -4) - 38?
-41
Evaluate 19 + 31 + 19 + -89.
-20
What is -66 - (-25 + (-4 - -23 - -10))?
-70
-619 + 628 - (-2 + -1 - (4 + -13))
3
-69 - (40 + 76 + -146)
-39
74 + 45 + -117 + 2 + 1 + -18
-13
Calculate -1 - -16 - (15 + (-25 - 4)).
29
What is the value of -12 + (-43 - (38 + -23 - -9))?
-79
What is -6 - (-3 + -30 + 9 + 109 + -108)?
17
What is 92 - 112 - (73 - 1 - -1)?
-93
Calculate 102 + (-283 - (51 - 164)).
-68
17 - (-30 - -48 - 19)
18
Evaluate 58 + (-57 - -14 - -49 - (0 - -19)).
45
87 + -19 + -85 - (1 + -68)
50
What is -80 - (-17 + -2) - -61?
0
What is -43 + 1 + (1232 - 1153)?
37
Calculate (88 - (-5 - -33)) + 10 + -1 + -12.
57
77 + -37 + 1 - 35
6
-17 + 39 - (-9 + 0 + 13 + -5)
23
What is -4 - 20 - (-465 - -495)?
-54
Calculate -13 + 23 + -17 + -16 + -9.
-32
Calculate -3 + 8 - (-19 + -16 + 0).
40
Calculate 9 + 8 - ((4 - -2) + -5 - (-3 + -3)).
10
What is -27 + -17 + (45 - 29)?
-28
Evaluate (1 - 32) + 16 + 77 + -139.
-77
Evaluate 160 + -77 + -71 + 51.
63
What is -83 - (-80 + 95 + 13)?
-111
Calculate (-17 - 6) + 10 - (7 + (-13 - -4) + -3).
-8
Evaluate 93 - (-28 - (-97 + 18)).
42
What is the value of -31 + (5 - -6 - (-6 + 0) - (27 + -15))?
-26
What is the value of (-7 - ((16 - 25) + 1)) + -32 + 6 + 1?
-24
What is -1 + -12 - (28 - (4 - -29))?
-8
What is the value of -11 - ((64 - 28 - -19) + 2 + 0)?
-68
Evaluate -18 - (283 - 289) - (-3 + -1 + 0 + 1).
-9
-22 + 5 + -12 + (28 - 5) + -9 + 23
8
Calculate -2230 + 2188 - (-58 + -1) - 26.
-9
17 + 48 - ((6 - -34) + -12)
37
129 + -52 - (4 + (8 - -2) + -8)
71
What is the value of (21 - (18 + 23)) + -6 + 17 + -8?
-17
38 - ((4 - -17) + 351 + -321)
-13
-62 - (-141 - (-139 - -201))
141
-44 - -30 - (9 - -14) - -2
-35
Evaluate -775 + 733 - (3 - (4 + 3)).
-38
-23 - (16 - (11 + 7 + -5))
-26
Evaluate 55 + -2 + 2 + (-1 - -2) + 13909 + -13899.
66
12 + -1 - (-25 + 14 - -7 - -6 - -1)
8
What is the value of -13 + (21 + -24 - (-1 + -13)) - 21?
-23
Calculate 46 + (-73 - -167) + -86.
54
What is -45 + 5 + 21 + -3?
-22
10 + (-10 + 11 - 0) + -6 + 6
11
Calculate ((21 - -12) + -25 - (14 + 0)) + 59.
53
Evaluate -17 + (3 - -4) + 2 + 39.
31
What is the value of (-1612 - -1640) + (-25 - 1) - (-8 + -1)?
11
What is 3 + 24 + -77 + (-5 - -16)?
-39
What is -35 - (-68 - (-23 - -17))?
27
1 - -43 - (-1356 - -1352)
48
What is the value of -39 + (14 - 38 - -15)?
-48
Calculate 23 + (6 - 1) + (41 - 33) - (-9 - -1).
44
What is the value of 19 + 15 + -1 + (-27 - (-26 - -55))?
-23
101 - 64 - (-60 + 46)
51
What is the value of (3 - -108) + (-65 - 6)?
40
Evaluate 12 - ((6 - (6 + -15 - -17) - -2) + 11).
1
Calculate (1 - 7) + 12 + -55 + 0 + 14 - -8.
-27
-14 + 11 + 49 + (39 - 54)
31
Calculate (24 - (236 + -228)) + -104 + 1 + -1.
-88
What is the value of (3 - 19 - 10 - -18) + -14?
-22
What is 96 + -43 + -34 + 54 + -10?
63
What is -54 - (42 - 2 - (-877 - -925))?
-46
What is 2 - 3 - -17 - (3 + (92 - -77 - 73))?
-83
What is the value of -11 + (-45 - -35) + 29 - 17?
-9
Calculate -20 + -16 + 27 - -16 - (-55 + 2).
60
Calculate 65 - (100 + (-115 - -38)).
42
Calculate (-17 - 222 - -248) + (4 - 2) + -109.
-98
What is the value of -83 + -5 + 0 + (-194 - -205)?
-77
4 + 30 - (781 - 708)
-39
-45 + (16 - -27) + 0 + -1
-3
40 - (0 + -2 + 1 - -6)
35
What is 54 - (-10 - (0 + (-15 - -20)) - -15 - 12)?
66
Evaluate 14 + (-59 - (-18 + (-23 - -20)) - 9).
-33
Calculate -26 + 109 - (-1 + 3 + 217 + -235).
99
Evaluate (-2 - (-42 + 0 + 12 + 3)) + 10.
35
What is the value of 88 + (-2 - (0 + -8 - 0) - (-1025 + 1020))?
99
What is -58 - (-11 + 4) - (-89 + 60)?
-22
What is the value of (-1 - 1 - -9 - (-802 - -816)) + -1?
-8
What is the value of -27 - (35 + -23) - -67?
28
3 + (3 - (0 + 4) - (78 + -72)) + 109
105
What is the value of -25 + -1 + (29 - 0 - 51 - (7 + -26))?
-29
107 + -43 + -26 + -48
-10
What is (0 - -53) + -42 + (25 - -22)?
58
What is 63 + -33 + -114 - -89?
5
Calculate 31 + (-70 - (7 + 51)).
-97
What is -70 + -6 + 97 + -47?
-26
Evaluate (1021 - 975) + -3 + 2 + (-9 - (0 + 6)).
30
Calculate 1 + -6 - ((-12 - 2) + -248 + 219).
38
What is the value of 23 + -273 + 297 + -11 + 0 + -13?
23
Evaluate 9 - (6 - (1 + -11 + 4)) - 0 - -21.
18
26 + (-3 - 32) + -55 + 39
-25
What is 41 + (-1 - (-7 - (-22 - -17)))?
42
What is 4570 + -4419 + (-64 - 0)?
87
(-18 - (39 - -22) - -56) + (4 - 0)
-19
What is 57 + (15 - 27 - 4) - 7?
34
What is -1 + -27 + (-106 - -130) + (1 + 94 - 0)?
91
Calculate (-7 - (4 + -6)) + -11 + 15.
-1
What is -46 + 3 + (2 - -7) + (-13 - (-3 + -2))?
-42
Evaluate 80 - (-94 - -142 - -24).
8
What is 14 - (7 - (6 + 3 + 2))?
18
(0 - -1 -